7
In base 10, what is 114033 - 249?
113784
In base 10, what is 1 + -8123654?
-8123653
In base 13, what is -2 - c6ac60?
-c6ac62
In base 15, what is -15 + b31b?
b306
In base 3, what is 20 - -20201202020?
20201202110
In base 8, what is -75315106 + 3?
-75315103
In base 11, what is -5898847 - 13?
-589885a
In base 14, what is 18 - 296064?
-29604a
In base 12, what is -58 - 37ba?
-3856
In base 15, what is -82e5 + -c4?
-83b9
In base 13, what is 108 + 551c5?
55300
In base 8, what is -135 + -1704503?
-1704640
In base 2, what is -100111101001011000010010 + -101?
-100111101001011000010111
In base 12, what is -93 + 10715?
10642
In base 14, what is -11 + -7b31d?
-7b330
In base 10, what is 317428 + -216?
317212
In base 10, what is 8 + 2743729?
2743737
In base 5, what is -304 - -1134400?
1134041
In base 2, what is -1010011110000110110 + 1111111?
-1010011101110110111
In base 16, what is 7522 - 579?
6fa9
In base 4, what is -2210200130130 + 10?
-2210200130120
In base 12, what is -6 - 57b0086?
-57b0090
In base 15, what is 645a1a + -4?
645a16
In base 10, what is 115452087 - 1?
115452086
In base 16, what is -d0899 + -b?
-d08a4
In base 3, what is 2201 - 21120020022?
-21120010121
In base 12, what is -a0aa71 - 4b?
-a0ab00
In base 5, what is 3 - 10340023004?
-10340023001
In base 8, what is -36 - -205373?
205335
In base 14, what is 8 + -165dc2?
-165db8
In base 16, what is 18b7e7 - -9b?
18b882
In base 11, what is -1a3 + -3562?
-3755
In base 9, what is 686102 - -12?
686114
In base 7, what is -141 + -3300060?
-3300231
In base 11, what is 5 + 3831a80?
3831a85
In base 14, what is 21895 - -ac?
21963
In base 3, what is -2100001112212210 - -21?
-2100001112212112
In base 2, what is 1100001001101111011 + -10?
1100001001101111001
In base 8, what is 11 + -53334720?
-53334707
In base 9, what is -4773 + 165266?
160383
In base 2, what is 11010010 - 10110001011111100111?
-10110001011100010101
In base 14, what is -10 - -15543?
15533
In base 4, what is 2132 + 30021302?
30030100
In base 3, what is -102 - 11122202200?
-11122210002
In base 12, what is -4b7 - -3995?
349a
In base 15, what is -222517 + -4?
-22251b
In base 7, what is 51 + -1010625?
-1010544
In base 10, what is 0 + -1365628?
-1365628
In base 6, what is 5114 + 10203?
15321
In base 10, what is -3355 - 3626?
-6981
In base 3, what is -1001102102112112 + 12?
-1001102102112100
In base 2, what is -11000100111000000010101 - 10111?
-11000100111000000101100
In base 11, what is 2520577 - -1?
2520578
In base 9, what is -1631 - -168633?
167002
In base 5, what is 10204033431112 + 2?
10204033431114
In base 8, what is -26107 - -3177?
-22710
In base 2, what is 1101 - 10011010101110111100000011?
-10011010101110111011110110
In base 15, what is -1 - -e9d030?
e9d02e
In base 6, what is 11410522513 - -3?
11410522520
In base 10, what is 31083296 + 5?
31083301
In base 4, what is -2101202 - 131201?
-2233003
In base 5, what is 2 - 13333104111?
-13333104104
In base 13, what is 12238 - -226?
12461
In base 12, what is -278 - 139740?
-1399b8
In base 8, what is 212544 - 51?
212473
In base 8, what is 2 + 67670476?
67670500
In base 16, what is -9 - -496bcb?
496bc2
In base 11, what is 161 - -465804?
465965
In base 7, what is -44 + -41513026?
-41513103
In base 11, what is 25716 + 227?
25942
In base 16, what is -16d - 1bb4?
-1d21
In base 11, what is -2095a - 1606?
-22465
In base 5, what is -3411000012 + 1?
-3411000011
In base 5, what is 12114 + 213324?
230443
In base 16, what is 51733b + 3?
51733e
In base 3, what is -12 + -12002112002221201?
-12002112002221220
In base 16, what is 50fa3b - -5?
50fa40
In base 8, what is 22512 + 1011?
23523
In base 15, what is -2 - 1a7cd?
-1a7d0
In base 7, what is -5 - -22553354?
22553346
In base 15, what is -11b6a - -39b?
-117be
In base 6, what is -2 - -24241001?
24240555
In base 15, what is 1d7655 - 1d?
1d7637
In base 2, what is -10111011110010010 - 111000100101?
-11000010110110111
In base 6, what is 52212 - -4050?
100302
In base 4, what is 11032 + 3133212233?
3133223331
In base 7, what is -11143 + 15211?
4035
In base 10, what is 183 - 57467?
-57284
In base 6, what is -1034100 + 31440?
-1002220
In base 3, what is -1221 - -21002001112?
21001222121
In base 7, what is -22111 + 1224?
-20554
In base 16, what is -93 + -1e2f50?
-1e2fe3
In base 15, what is 9eb66 - -24?
9eb8a
In base 14, what is -12d2a10 + -2?
-12d2a12
In base 4, what is 1030 - -222312030?
222313120
In base 12, what is 17008 + 43a7?
1b3b3
In base 8, what is 517011 + -34?
516755
In base 5, what is 104032332 + 103?
104032440
In base 16, what is -14183 - -852?
-13931
In base 11, what is 24031 - 64?
23a78
In base 9, what is -1 + -1410851?
-1410852
In base 2, what is 10010010 - -10100111100010100?
10100111110100110
In base 9, what is 4 + -286574208?
-286574204
In base 15, what is 1693 - dc4?
7be
In base 13, what is 117c6 + -235?
11591
In base 11, what is 49 + 870448?
870496
In base 15, what is 1 + 5065d1?
5065d2
In base 8, what is -313274 + 362?
-312712
In base 14, what is -2 + -1a595b6d?
-1a595b71
In base 15, what is -1c + -7ca8?
-7cc5
In base 16, what is -417a706 - -3?
-417a703
In base 11, what is -1355274 - -6?
-1355269
In base 10, what is -3 + 3976768?
3976765
In base 2, what is -10001101000000100110001111 - 101?
-10001101000000100110010100
In base 13, what is -128 - 1a609?
-1a734
In base 2, what is -10110001011100010011000011 - 10?
-10110001011100010011000101
In base 15, what is -3876bc - -26?
-387696
In base 10, what is 4439 - 5215?
-776
In base 5, what is -14401310 + -10?
-14401320
In base 4, what is -3310210112101 - -30?
-3310210112011
In base 5, what is -1302002333342 - 10?
-1302002333402
In base 6, what is 40242 + -44043?
-3401
In base 6, what is -52132 + -10104?
-102240
In base 10, what is -4594 - -2403?
-2191
In base 7, what is 0 - -1244426201?
1244426201
In base 4, what is -2131 + -3020302?
-3023033
In base 16, what is 1e6 - -590?
776
In base 7, what is 5311 + 25422?
34033
In base 13, what is 1135ca331 - -5?
1135ca336
In base 4, what is -301101220100110 - -11?
-301101220100033
In base 15, what is 7 + 2017ce0?
2017ce7
In base 4, what is -1111 - -1103302210?
1103301033
In base 14, what is 445 + -11701?
-1129a
In base 8, what is -3 - -6104056?
6104053
In base 11, what is -45 + -1925?
-196a
In base 8, what is -5 - 243515?
-243522
In base 4, what is -133022313311 + -13?
-133022313330
In base 14, what is -5 - -2382b8?
2382b3
In base 4, what is -20100 + -200002332?
-200023032
In base 12, what is 1 - -109b553?
109b554
In base 14, what is -1a8b04c - 2?
-1a8b050
In base 2, what is -10010101001000100001110001011 + 0?
-10010101001000100001110001011
In base 4, what is -3 + 11130003313?
11130003310
In base 13, what is -6 + -13cb356?
-13cb35c
In base 16, what is 309c72 - 2?
309c70
In base 2, what is -11000001111111 - -1100111000?
-10110101000111
In base 2, what is 10011000000010001101011111 + 101?
10011000000010001101100100
In base 15, what is 4 + 129bc8e0?
129bc8e4
In base 7, what is -63364 + 24560?
-35504
In base 8, what is 5535575 + 11?
5535606
In base 2, what is -110011001 - 1010010010001001?
-1010011000100010
In base 9, what is -7 - -11604475?
11604467
In base 5, what is -41010010342 + 1?
-41010010341
In base 9, what is -2 + -18407571?
-18407573
In base 14, what is -3 + -84c42bb?
-84c42c0
In base 6, what is -11002 + 45334?
34332
In base 2, what is 1010001100110011101101 - 1110111?
1010001100110001110110
In base 15, what is 6 - -282322c?
2823233
In base 10, what is 454 - -340092?
340546
In base 3, what is 1002102110 + 110021?
1002212201
In base 7, what is -211604 - 664?
-212601
In base 16, what is -4 - -7092ee?
7092ea
In base 10, what is 1977 - -14340?
16317
In base 12, what is 2 + 6858893?
6858895
In base 13, what is 0 + -2c05a260?
-2c05a260
In base 11, what is -7 - -6476957?
6476950
In base 13, what is -b41746 + 30?
-b41716
In base 12, what is -291a859 - -16?
-291a843
In base 11, what is 1793341a5 + 2?
1793341a7
In base 3, what is -12 + -1110110101101212?
-1110110101102001
In base 16, what is 4 + 3b51a3d?
3b51a41
In base 4, what is -113012011221 - -3?
-113012011212
In base 5, what is 0 - 11301141422?
-11301141422
In base 9, what is -23436882 - -6?
-23436875
In base 15, what is 12b49e7 - 0?
12b49e7
In base 10, what is 402485 - -43?
402528
In base 3, what is -22022020021 + 